{"id":9447,"date":"2026-08-18T16:04:13","date_gmt":"2026-08-18T16:04:13","guid":{"rendered":"https:\/\/www.ideiasxiques.com\/imo\/?post_type=estate&#038;p=9447"},"modified":"2026-08-18T16:04:27","modified_gmt":"2026-08-18T16:04:27","slug":"apartamento-t2-com-garagem-box-e-arrecadacao-no-montijo","status":"publish","type":"estate","link":"https:\/\/www.ideiasxiques.com\/imo\/propriedade\/apartamento\/montijo\/apartamento-t2-com-garagem-box-e-arrecadacao-no-montijo\/","title":{"rendered":"Apartamento T2 com garagem box e arrecada\u00e7\u00e3o no Montijo"},"content":{"rendered":"<p>Apartamento T2 localizado no Montijo, numa zona tranquila e com tudo o que precisa para o dia a dia nas proximidades.<\/p>\n<p>O apartamento \u00e9 composto por\u00a0<b>uma su\u00edte<\/b>, um segundo quarto, ambos com\u00a0<b>roupeiros embutidos<\/b>, e uma\u00a0<b>casa de banho de apoio<\/b>. Disp\u00f5e ainda de uma\u00a0<b>cozinha totalmente equipada<\/b>, funcional e com bastante arruma\u00e7\u00e3o, e uma agrad\u00e1vel zona de refei\u00e7\u00f5es com boa luz natural.<\/p>\n<p>Conta tamb\u00e9m com\u00a0<b>garagem box privativa<\/b>\u00a0e\u00a0<b>arrecada\u00e7\u00e3o<\/b>, proporcionando estacionamento seguro e espa\u00e7o extra para arruma\u00e7\u00e3o.<\/p>\n<p>A localiza\u00e7\u00e3o \u00e9 uma das grandes vantagens deste im\u00f3vel, encontrando-se pr\u00f3ximo de\u00a0<b>escolas, com\u00e9rcio, servi\u00e7os e transportes e da cl\u00ednica da CUF<\/b>. Na zona envolvente existem v\u00e1rias op\u00e7\u00f5es de ensino, supermercados como Pingo Doce, Intermarch\u00e9, Continente e Aldi, bem como o Alegro Montijo.<\/p>\n","protected":false},"excerpt":{"rendered":"<p>Apartamento T2 localizado no Montijo, numa zona tranquila e com tudo o que precisa para o dia a dia nas proximidades. O apartamento \u00e9 composto por\u00a0uma su\u00edte, um segundo quarto, ambos com\u00a0roupeiros embutidos, e uma\u00a0casa de banho de apoio. Disp\u00f5e ainda de uma\u00a0cozinha totalmente equipada, funcional e com bastante arruma\u00e7\u00e3o, e uma agrad\u00e1vel zona de [&hellip;]<\/p>\n","protected":false},"author":18,"featured_media":0,"template":"","property-type":[5],"offer-type":[117],"city":[13],"certificado-energetico":[158],"features":[33,36,172,51,49,52,163,21],"class_list":["post-9447","estate","type-estate","status-publish","hentry","property-type-apartamento","offer-type-comprar","city-montijo","certificado-energetico-b-2","features-ar-condicionado","features-arquitectura-moderna","features-arrecadacao","features-cozinha-equipada","features-elevador","features-garagem","features-suite","features-varanda"],"acf":[],"_links":{"self":[{"href":"https:\/\/www.ideiasxiques.com\/imo\/wp-json\/wp\/v2\/estate\/9447","targetHints":{"allow":["GET"]}}],"collection":[{"href":"https:\/\/www.ideiasxiques.com\/imo\/wp-json\/wp\/v2\/estate"}],"about":[{"href":"https:\/\/www.ideiasxiques.com\/imo\/wp-json\/wp\/v2\/types\/estate"}],"author":[{"embeddable":true,"href":"https:\/\/www.ideiasxiques.com\/imo\/wp-json\/wp\/v2\/users\/18"}],"wp:attachment":[{"href":"https:\/\/www.ideiasxiques.com\/imo\/wp-json\/wp\/v2\/media?parent=9447"}],"wp:term":[{"taxonomy":"property-type","embeddable":true,"href":"https:\/\/www.ideiasxiques.com\/imo\/wp-json\/wp\/v2\/property-type?post=9447"},{"taxonomy":"offer-type","embeddable":true,"href":"https:\/\/www.ideiasxiques.com\/imo\/wp-json\/wp\/v2\/offer-type?post=9447"},{"taxonomy":"city","embeddable":true,"href":"https:\/\/www.ideiasxiques.com\/imo\/wp-json\/wp\/v2\/city?post=9447"},{"taxonomy":"certificado-energetico","embeddable":true,"href":"https:\/\/www.ideiasxiques.com\/imo\/wp-json\/wp\/v2\/certificado-energetico?post=9447"},{"taxonomy":"features","embeddable":true,"href":"https:\/\/www.ideiasxiques.com\/imo\/wp-json\/wp\/v2\/features?post=9447"}],"curies":[{"name":"wp","href":"https:\/\/api.w.org\/{rel}","templated":true}]}}

Apartamento T2 com garagem box e arrecadação no Montijo

<p>Apartamento T2 localizado no Montijo, numa zona tranquila e com tudo o que precisa para o dia a dia nas proximidades.</p>
<p>O apartamento é composto por <b>uma suíte</b>, um segundo quarto, ambos com <b>roupeiros embutidos</b>, e uma <b>casa de banho de apoio</b>. Dispõe ainda de uma <b>cozinha totalmente equipada</b>, funcional e com bastante arrumação, e uma agradável zona de refeições com boa luz natural.</p>
<p>Conta também com <b>garagem box privativa</b> e <b>arrecadação</b>, proporcionando estacionamento seguro e espaço extra para arrumação.</p>
<p>A localização é uma das grandes vantagens deste imóvel, encontrando-se próximo de <b>escolas, comércio, serviços e transportes e da clínica da CUF</b>. Na zona envolvente existem várias opções de ensino, supermercados como Pingo Doce, Intermarché, Continente e Aldi, bem como o Alegro Montijo.</p>

<p>Apartamento T2 localizado no Montijo, numa zona tranquila e com tudo o que precisa para o dia a dia nas proximidades. O apartamento é composto por uma suíte, um segundo quarto, ambos com roupeiros embutidos, e uma casa de banho de apoio. Dispõe ainda de uma cozinha totalmente equipada, funcional e com bastante arrumação, e uma agradável zona de [&hellip;]</p>
